2 - -13?
-23323108
In base 2, what is -1000 - -10001100111010000000010?
10001100111001111111010
In base 11, what is -206 + 617142?
616a37
In base 15, what is -1b06d - 21?
-1b08e
In base 2, what is -11010110101110 + 1010000?
-11010101011110
In base 11, what is -53383a + 170?
-53367a
In base 15, what is -21 + -951be?
-951e0
In base 2, what is 110110010000 - -11000001001001?
11110111011001
In base 2, what is 100010101 - -110100001000001?
110100101010110
In base 6, what is 52511134513 + 1?
52511134514
In base 13, what is -4881b0 + 2?
-4881ab
In base 8, what is -12041341 + -301?
-12041642
In base 9, what is 325768 - -52?
325831
In base 3, what is -222202 + -22210021201?
-22211021110
In base 9, what is 1235 + 207360?
208605
In base 9, what is 286 + -711?
-414
In base 14, what is -1521a4 + -3?
-1521a7
In base 14, what is 7a3 + 67a6?
7169
In base 10, what is -89 + 183658?
183569
In base 2, what is -1110000000001 - -1001010111011?
-100101000110
In base 10, what is 6077 + -5658?
419
In base 5, what is -1 + 204232400?
204232344
In base 4, what is 10 - 2203212202110?
-2203212202100
In base 11, what is 35 - -215607?
215641
In base 5, what is 12 - 243034114?
-243034102
In base 14, what is 0 + -6d3a?
-6d3a
In base 5, what is -4 + -122012311044?
-122012311103
In base 6, what is 14141 + 221100?
235241
In base 7, what is 20 + -16251216?
-16251166
In base 6, what is 1132 + -1102200?
-1101024
In base 9, what is 3335727 - 1?
3335726
In base 2, what is -101001011 + -10101000101100111?
-10101001010110010
In base 10, what is 2 - -7324537?
7324539
In base 9, what is 13041 + -324?
12616
In base 14, what is 2 + -6cd12a7?
-6cd12a5
In base 4, what is -10202 - 3123?
-13331
In base 12, what is 0 + 29682310?
29682310
In base 2, what is -111 - 1100111100110110100011?
-1100111100110110101010
In base 14, what is -110 + 40cb95?
40ca85
In base 4, what is 131233220230 - -10?
131233220300
In base 8, what is -21 - 23261213?
-23261234
In base 10, what is -111 + 379316?
379205
In base 2, what is 100001010010000101 + 101101?
100001010010110010
In base 5, what is 1 - -11244211133?
11244211134
In base 8, what is -54 - 510373?
-510447
In base 10, what is -2 - 2850331?
-2850333
In base 14, what is 11 + -559c930?
-559c91d
In base 15, what is 3222 + 115?
3337
In base 11, what is -9604 - -a82a?
1226
In base 8, what is 3 - 20077402?
-20077377
In base 12, what is -54380028 + 4?
-54380024
In base 9, what is -8780 - -67566?
57676
In base 11, what is 57 + 502304?
502360
In base 8, what is 3220470 + -116?
3220352
In base 2, what is -1000011111111100101100 - -111?
-1000011111111100100101
In base 10, what is -190 + 248212?
248022
In base 4, what is -30132231 + 10112?
-30122113
In base 16, what is 3c2f7 - 890?
3ba67
In base 12, what is -6 + -2517235?
-251723b
In base 6, what is 12214424154 - -5?
12214424203
In base 7, what is 222433 - -540?
223303
In base 10, what is 705 + 57182?
57887
In base 7, what is -2225 + -3263312?
-3265540
In base 6, what is 1133552052 - 2?
1133552050
In base 16, what is 3c0369 - 0?
3c0369
In base 8, what is -307 + 261546?
261237
In base 11, what is -3412368 - 4?
-3412371
In base 14, what is aa2d6 + 28?
aa320
In base 14, what is -180d461 - b?
-180d46c
In base 13, what is -103 + 46a67?
46964
In base 7, what is 3040126 - 16?
3040110
In base 16, what is c55 - -1015e?
10db3
In base 12, what is 1 + 338891b?
3388920
In base 12, what is -4015 - 138?
-4151
In base 7, what is -3 - -31206655?
31206652
In base 9, what is -1002 - -1554643?
1553641
In base 6, what is 53 - -30355145?
30355242
In base 4, what is -3311110223 - -22?
-3311110201
In base 3, what is 1121121 + -200021210?
-121200012
In base 16, what is 4cf - -2db6?
3285
In base 13, what is 17172 + -c5ca?
7875
In base 6, what is -10203541 - 31?
-10204012
In base 8, what is 233144443 + -10?
233144433
In base 4, what is 12231131 - -130333?
13022130
In base 2, what is 1101 + -101111001010100111?
-101111001010011010
In base 2, what is -11101100100011000010 + 0?
-11101100100011000010
In base 2, what is 101 + 111000000110100011010?
111000000110100011111
In base 12, what is 5b22 - -12a?
6050
In base 14, what is -5341d + 34?
-533c9
In base 6, what is 31321333 + 221?
31321554
In base 14, what is 5 - -1b485224?
1b485229
In base 11, what is -34 - -271339?
271305
In base 9, what is -2 - -44125152?
44125150
In base 9, what is 661821 + -17?
661803
In base 4, what is 100033233 + -300021?
33133212
In base 6, what is 114002445 + -144?
114002301
In base 4, what is 223210211 + 332?
223211203
In base 2, what is 101 + 10000000110010100110001010010?
10000000110010100110001010111
In base 9, what is 16186 - -1023?
17220
In base 10, what is 6385329 - -3?
6385332
In base 11, what is 73261337 - 5?
73261332
In base 15, what is 271cc6e - 0?
271cc6e
In base 3, what is 200012101121001 + 10?
200012101121011
In base 4, what is 3313032222 + 20?
3313032302
In base 9, what is 1 + 72005755?
72005756
In base 6, what is -23025311 + -3044?
-23032355
In base 10, what is -869912 + -5?
-869917
In base 16, what is -d8243 + -5?
-d8248
In base 16, what is 6963ac - -3?
6963af
In base 9, what is 127646104 - 0?
127646104
In base 15, what is -6 - 2d88d57?
-2d88d5d
In base 7, what is 10125 + -23456?
-13331
In base 15, what is cac3 + 677?
d24a
In base 11, what is -4 - 6a616072?
-6a616076
In base 8, what is -111 + 16755743?
16755632
In base 5, what is -1412 - 412444330?
-413001242
In base 14, what is 81b - -35a9a?
364b7
In base 16, what is 3 - -1b5e8a7?
1b5e8aa
In base 3, what is 221200022021122 + -10220?
221200022010202
In base 10, what is -128315 + 214?
-128101
In base 13, what is -a - 82b304?
-82b311
In base 4, what is -32113 + -31001?
-123120
In base 13, what is -51478 + 148?
-51330
In base 7, what is 1002112 + 102?
1002214
In base 8, what is -26135 - 6067?
-34224
In base 3, what is -2001020102 - -10011?
-2001010021
In base 4, what is 30201300300 - 200?
30201300100
In base 7, what is -3 - 154020064?
-154020100
In base 2, what is 10111101111001011 - -10?
10111101111001101
In base 5, what is 34123032 + 14?
34123101
In base 4, what is 221 - -1133303002?
1133303223
In base 4, what is -1 + -2012122300011?
-2012122300012
In base 5, what is -30034344423 - 1?
-30034344424
In base 3, what is 211 - -10100202022?
10100210010
In base 12, what is -102 - -85ba?
84b8
In base 2, what is 1 + -111011101100001010010011?
-111011101100001010010010
In base 4, what is 12230301323001 + -11?
12230301322330
In base 5, what is 1001001212333 + 10?
1001001212343
In base 10, what is -5 + 235101074?
235101069
In base 9, what is -44252 - 87005?
-142257
In base 3, what is 120200 - 2022100002?
-2021202102
In base 5, what is 110134124424 - -3?
110134124432
In base 3, what is -1101200220000101011 - -1?
-1101200220000101010
In base 10, what is -47004367 - -1?
-47004366
In base 5, what is 30 - 121440443?
-121440413
In base 14, what is 2ba9520 + -4?
2ba951a
In base 10, what is -1152 - -77941?
76789
In base 5, what is 221342402 + 12340?
221410242
In base 3, what is 2 + 10122222111120200?
10122222111120202
In base 3, what is -11220 + 1010022210100?
1010022121110
In base 4, what is -3 - 21003221210?
-21003221213
In base 9, what is 422155 - 5125?
416030
In base 7, what is -201415023 - 2?
-201415025
In base 7, what is -164265360 + -51?
-164265441
In base 6, what is 401012134210 + 0?
401012134210
In base 13, what is 32c - -497230?
49755c
In base 14, what is -4 - -50c18d2?
50c18cc
In base 13, what is 27ac - -3259?
5a38
In base 8, what is -605140 - -4?
-605134
In base 15, what is -4a7521 + b?
-4a7515
In base 2, what is -110011 + 101000100111001000000?
101000100111000001101
In base 12, what is 823 + -237a?
-1757
In base 4, what is -11 + -103130022000?
-103130022011
In base 14, what is -51446a - 44?
-5144b0
In base 15, what is a39b - -42?
a3dd
In base 16, what is -5 + -c55f28?
-c55f2d
In base 16, what is e3d + a655?
b492
In base 9, what is -136 - 1606355?
-1606502
In base 10, what is -11 - 3896397?
-3896408
In base 16, what is -103f - -3a23?
29e4
In base 8, what is -150 + -1044205?
-1044355
In base 8, what is 56775 - 735?
56040
In base 5, what is -1442323213 - 23?
-1442323241
In base 15, what is 156118e + 3?
1561192
In base 8, what is -231 + -316532?
-316763
In base 3, what is 1 - -11202111122?
11202111200
In base 8, what 